{"id":590,"date":"2015-02-25T09:00:42","date_gmt":"2015-02-25T09:00:42","guid":{"rendered":"http:\/\/demo.wpcharming.com\/construction\/?page_id=590"},"modified":"2020-01-17T15:44:54","modified_gmt":"2020-01-17T13:44:54","slug":"organizare","status":"publish","type":"page","link":"https:\/\/cominco.ro\/ro\/organizare\/","title":{"rendered":"Organizare"},"content":{"rendered":"<p>[vc_row margin_top=&#8221;0&#8243; margin_bottom=&#8221;0&#8243; padding_top=&#8221;0&#8243; padding_bottom=&#8221;0&#8243;][vc_column][vc_column_text css=&#8221;.vc_custom_1458811985873{margin-top: 0px !important;margin-bottom: 0px !important;padding-top: 0px !important;padding-bottom: 0px !important;}&#8221;]<\/p>\n<h3 style=\"color: #3b4590;\">Management<\/h3>\n<p>[\/vc_column_text][vc_separator][vc_row_inner css=&#8221;.vc_custom_1458812091881{margin-top: -50px !important;margin-bottom: 0px !important;padding-top: 0px !important;padding-bottom: 0px !important;}&#8221;][vc_column_inner width=&#8221;1\/3&#8243;][vc_single_image image=&#8221;2810&#8243; img_size=&#8221;full&#8221; alignment=&#8221;center&#8221; style=&#8221;vc_box_outline&#8221; css_animation=&#8221;left-to-right&#8221;][vc_column_text css_animation=&#8221;top-to-bottom&#8221; css=&#8221;.vc_custom_1511524588432{margin-top: -30px !important;padding-top: 0px !important;}&#8221;]<\/p>\n<p style=\"text-align: center;\"><span class=\"ari12\">Presedinte \u2013 Director General<\/span><br \/>\n<span class=\"ari12\">ing. <strong>Florin Rusu<\/strong><\/span><\/p>\n<p style=\"text-align: center;\"><strong>Presedinte CA<\/strong><\/p>\n<p>[\/vc_column_text][\/vc_column_inner][vc_column_inner width=&#8221;1\/3&#8243;][vc_single_image image=&#8221;3134&#8243; img_size=&#8221;full&#8221; alignment=&#8221;center&#8221; style=&#8221;vc_box_outline&#8221; css_animation=&#8221;left-to-right&#8221;][vc_column_text css_animation=&#8221;top-to-bottom&#8221; css=&#8221;.vc_custom_1579268685893{margin-top: -30px !important;padding-top: 0px !important;}&#8221;]<\/p>\n<p style=\"text-align: center;\"><span class=\"ari12\">Director comercial<\/span><br \/>\n<span class=\"ari12\">ec. <strong>Popescu Vasile<\/strong><\/span><\/p>\n<p style=\"text-align: center;\"><strong>Administrator<\/strong><\/p>\n<p>[\/vc_column_text][\/vc_column_inner][vc_column_inner width=&#8221;1\/3&#8243;][vc_single_image image=&#8221;2817&#8243; img_size=&#8221;full&#8221; alignment=&#8221;center&#8221; style=&#8221;vc_box_outline&#8221; css_animation=&#8221;left-to-right&#8221;][vc_column_text css_animation=&#8221;top-to-bottom&#8221; css=&#8221;.vc_custom_1538484154634{margin-top: -30px !important;padding-top: 0px !important;}&#8221;]<\/p>\n<p style=\"text-align: center;\"><span class=\"ari12\">Director Economic <\/span><br \/>\n<span class=\"ari12\">ec. <strong>Petrica Oprea<\/strong><\/span><\/p>\n<p style=\"text-align: center;\"><strong>Administrator<\/strong><\/p>\n<p>[\/vc_column_text][\/vc_column_inner][\/vc_row_inner][\/vc_column][\/vc_row][vc_row margin_top=&#8221;0&#8243; margin_bottom=&#8221;0&#8243; padding_top=&#8221;0&#8243; padding_bottom=&#8221;0&#8243;][vc_column][\/vc_column][\/vc_row][vc_row margin_top=&#8221;0&#8243; margin_bottom=&#8221;0&#8243; padding_top=&#8221;0&#8243; padding_bottom=&#8221;0&#8243;][vc_column][vc_column_text css=&#8221;.vc_custom_1458812206852{margin-top: 0px !important;margin-bottom: 0px !important;padding-top: 0px !important;padding-bottom: 0px !important;}&#8221;]<\/p>\n<h3 style=\"color: #3b4590;\">Actionari<\/h3>\n<p>[\/vc_column_text][vc_separator][vc_column_text css=&#8221;.vc_custom_1458815126502{margin-top: -20px !important;}&#8221;]<\/p>\n<p>Cominco Oltenia este o societate pe actiuni infiintata in anul 1999. Actionarii Cominco Oltenia sunt:\u00a0RUSU FLORIN NR. ACTIUNI 99.999- 99.999%<\/p>\n<p>[\/vc_column_text][\/vc_column][\/vc_row][vc_row margin_top=&#8221;-10&#8243; padding_top=&#8221;0&#8243;][vc_column][\/vc_column][\/vc_row][vc_row margin_top=&#8221;0&#8243; margin_bottom=&#8221;10&#8243; padding_top=&#8221;0&#8243; padding_bottom=&#8221;0&#8243;][vc_column][vc_column_text css=&#8221;.vc_custom_1458816548564{margin-top: 0px !important;margin-bottom: 0px !important;padding-top: 0px !important;padding-bottom: 0px !important;}&#8221;]<\/p>\n<h3 style=\"color: #3b4590;\">Managementul societatii<\/h3>\n<p>[\/vc_column_text][vc_separator][vc_column_text css_animation=&#8221;top-to-bottom&#8221; css=&#8221;.vc_custom_1460024609297{margin-top: -10px !important;padding-top: 0px !important;}&#8221;]COMINCO OLTENIA abordeaza o strategie manageriala prin delegare, o latura a managementului participativ. Delegarea este o activitate manageriala foarte importanta, este transferul temporar sau definitiv, par\u0163ial sau total a autorit\u0103\u0163ii de a lua decizii de la <strong>managerul general<\/strong> la <strong>managerii de proiect<\/strong>. Se deleag\u0103 autoritatea de a lua decizii, cat \u015fi r\u0103spunderea.<\/p>\n<p>Acest proces de delegare nu este un proces de tipul totul sau nimic, ci are diferite grade<\/p>\n<ol>\n<li>de la trasarea unor sarcini specifice cu termene de realizare, l\u0103s\u00e2nd managerului libertatea de alegere a modalit\u0103\u0163ilor de \u00eendeplinire (cu raportarea periodic a stadiului de realizare),<\/li>\n<li>rezolvarea unei probleme (trec\u00e2nd prin pa\u015fii procesului decizional) cu raport\u0103ri intermediare<\/li>\n<li>p\u00e2n\u0103 la gestionarea integrala a unei activit\u0103\u0163i sau a unui domeniu func\u0163ional pe durata specifica activitatii \u00een manier\u0103 proprie.<\/li>\n<\/ol>\n<p><strong>Avanajele acestui tip de abordare:<\/strong><\/p>\n<ul>\n<li>Managerul general c\u00e2\u015ftig\u0103 timp pe care poate s\u0103-l dedice activit\u0103\u0163ilor strategice<\/li>\n<li>Prin delegare, identific\u00e2nd corect persoanele c\u0103tre care realizeaz\u0103 transferul unor sarcini, poate \u00eencuraja participarea mai activ\u0103 a acestora la via\u0163a organiza\u0163iei<\/li>\n<li>\u00ce\u015fi cunoa\u015fte mai bine colaboratorii \u015fi \u00ee\u015fi \u00eembun\u0103t\u0103\u0163e\u015fte rela\u021biile cu ei<\/li>\n<li>\u00cei ajut\u0103 pe ceilal\u0163i s\u0103 se dezvolte profesional \u015fi s\u0103 capete \u00eencredere \u00een for\u0163ele proprii<\/li>\n<\/ul>\n<p>[\/vc_column_text][\/vc_column][\/vc_row][vc_row margin_top=&#8221;30px&#8221; margin_bottom=&#8221;10&#8243; padding_top=&#8221;0&#8243; padding_bottom=&#8221;0&#8243;][vc_column][vc_column_text css=&#8221;.vc_custom_1458816121799{margin-top: 0px !important;margin-bottom: 0px !important;padding-top: 0px !important;padding-bottom: 0px !important;}&#8221;]<\/p>\n<h3 style=\"color: #3b4590;\">Sedii<\/h3>\n<p>[\/vc_column_text][vc_separator][\/vc_column][\/vc_row][vc_row margin_top=&#8221;0&#8243; padding_top=&#8221;0&#8243;][vc_column][vc_row_inner css=&#8221;.vc_custom_1458816451697{margin-top: 0px !important;padding-top: 0px !important;}&#8221;][vc_column_inner width=&#8221;1\/2&#8243;][vc_column_text css_animation=&#8221;top-to-bottom&#8221;]<\/p>\n<h3 style=\"text-align: center; color: #3b4590;\">Sediul principal<\/h3>\n<p style=\"text-align: center;\">Str. Calea lui Traian, nr. 172, bl. 31A, Rm. Valcea, jud. Valcea, 240273<\/p>\n<p>[\/vc_column_text][\/vc_column_inner][vc_column_inner width=&#8221;1\/2&#8243;][vc_column_text css_animation=&#8221;top-to-bottom&#8221;]<\/p>\n<h3 style=\"text-align: center; color: #3b4590;\">Baza de produc\u021bie<\/h3>\n<p style=\"text-align: center;\">Com. Alunu, loc. Coltesti, jud. Valcea<\/p>\n<p>[\/vc_column_text][\/vc_column_inner][\/vc_row_inner][\/vc_column][\/vc_row]<\/p>\n","protected":false},"excerpt":{"rendered":"<p>[vc_row margin_top=&#8221;0&#8243; margin_bottom=&#8221;0&#8243; padding_top=&#8221;0&#8243; padding_bottom=&#8221;0&#8243;][vc_column][vc_column_text css=&#8221;.vc_custom_1458811985873{margin-top: 0px !important;margin-bottom: 0px !important;padding-top: 0px !important;padding-bottom: 0px !important;}&#8221;] Management [\/vc_column_text][vc_separator][vc_row_inner css=&#8221;.vc_custom_1458812091881{margin-top: -50px !important;margin-bottom: 0px !important;padding-top: &#8230;<\/p>\n","protected":false},"author":1,"featured_media":0,"parent":0,"menu_order":0,"comment_status":"open","ping_status":"open","template":"","meta":[],"_links":{"self":[{"href":"https:\/\/cominco.ro\/ro\/wp-json\/wp\/v2\/pages\/590"}],"collection":[{"href":"https:\/\/cominco.ro\/ro\/wp-json\/wp\/v2\/pages"}],"about":[{"href":"https:\/\/cominco.ro\/ro\/wp-json\/wp\/v2\/types\/page"}],"author":[{"embeddable":true,"href":"https:\/\/cominco.ro\/ro\/wp-json\/wp\/v2\/users\/1"}],"replies":[{"embeddable":true,"href":"https:\/\/cominco.ro\/ro\/wp-json\/wp\/v2\/comments?post=590"}],"version-history":[{"count":104,"href":"https:\/\/cominco.ro\/ro\/wp-json\/wp\/v2\/pages\/590\/revisions"}],"predecessor-version":[{"id":3251,"href":"https:\/\/cominco.ro\/ro\/wp-json\/wp\/v2\/pages\/590\/revisions\/3251"}],"wp:attachment":[{"href":"https:\/\/cominco.ro\/ro\/wp-json\/wp\/v2\/media?parent=590"}],"curies":[{"name":"wp","href":"https:\/\/api.w.org\/{rel}","templated":true}]}}

<p>[vc_row margin_top=&#8221;0&#8243; margin_bottom=&#8221;0&#8243; padding_top=&#8221;0&#8243; padding_bottom=&#8221;0&#8243;][vc_column][vc_column_text css=&#8221;.vc_custom_1458811985873{margin-top: 0px !important;margin-bottom: 0px !important;padding-top: 0px !important;padding-bottom: 0px !important;}&#8221;]</p>
<h3 style="color: #3b4590;">Management</h3>
<p>[/vc_column_text][vc_separator][vc_row_inner css=&#8221;.vc_custom_1458812091881{margin-top: -50px !important;margin-bottom: 0px !important;padding-top: 0px !important;padding-bottom: 0px !important;}&#8221;][vc_column_inner width=&#8221;1/3&#8243;][vc_single_image image=&#8221;2810&#8243; img_size=&#8221;full&#8221; alignment=&#8221;center&#8221; style=&#8221;vc_box_outline&#8221; css_animation=&#8221;left-to-right&#8221;][vc_column_text css_animation=&#8221;top-to-bottom&#8221; css=&#8221;.vc_custom_1511524588432{margin-top: -30px !important;padding-top: 0px !important;}&#8221;]</p>
<p style="text-align: center;"><span class="ari12">Presedinte – Director General</span><br />
<span class="ari12">ing. <strong>Florin Rusu</strong></span></p>
<p style="text-align: center;"><strong>Presedinte CA</strong></p>
<p>[/vc_column_text][/vc_column_inner][vc_column_inner width=&#8221;1/3&#8243;][vc_single_image image=&#8221;3134&#8243; img_size=&#8221;full&#8221; alignment=&#8221;center&#8221; style=&#8221;vc_box_outline&#8221; css_animation=&#8221;left-to-right&#8221;][vc_column_text css_animation=&#8221;top-to-bottom&#8221; css=&#8221;.vc_custom_1579268685893{margin-top: -30px !important;padding-top: 0px !important;}&#8221;]</p>
<p style="text-align: center;"><span class="ari12">Director comercial</span><br />
<span class="ari12">ec. <strong>Popescu Vasile</strong></span></p>
<p style="text-align: center;"><strong>Administrator</strong></p>
<p>[/vc_column_text][/vc_column_inner][vc_column_inner width=&#8221;1/3&#8243;][vc_single_image image=&#8221;2817&#8243; img_size=&#8221;full&#8221; alignment=&#8221;center&#8221; style=&#8221;vc_box_outline&#8221; css_animation=&#8221;left-to-right&#8221;][vc_column_text css_animation=&#8221;top-to-bottom&#8221; css=&#8221;.vc_custom_1538484154634{margin-top: -30px !important;padding-top: 0px !important;}&#8221;]</p>
<p style="text-align: center;"><span class="ari12">Director Economic </span><br />
<span class="ari12">ec. <strong>Petrica Oprea</strong></span></p>
<p style="text-align: center;"><strong>Administrator</strong></p>
<p>[/vc_column_text][/vc_column_inner][/vc_row_inner][/vc_column][/vc_row][vc_row margin_top=&#8221;0&#8243; margin_bottom=&#8221;0&#8243; padding_top=&#8221;0&#8243; padding_bottom=&#8221;0&#8243;][vc_column][/vc_column][/vc_row][vc_row margin_top=&#8221;0&#8243; margin_bottom=&#8221;0&#8243; padding_top=&#8221;0&#8243; padding_bottom=&#8221;0&#8243;][vc_column][vc_column_text css=&#8221;.vc_custom_1458812206852{margin-top: 0px !important;margin-bottom: 0px !important;padding-top: 0px !important;padding-bottom: 0px !important;}&#8221;]</p>
<h3 style="color: #3b4590;">Actionari</h3>
<p>[/vc_column_text][vc_separator][vc_column_text css=&#8221;.vc_custom_1458815126502{margin-top: -20px !important;}&#8221;]</p>
<p>Cominco Oltenia este o societate pe actiuni infiintata in anul 1999. Actionarii Cominco Oltenia sunt: RUSU FLORIN NR. ACTIUNI 99.999- 99.999%</p>
<p>[/vc_column_text][/vc_column][/vc_row][vc_row margin_top=&#8221;-10&#8243; padding_top=&#8221;0&#8243;][vc_column][/vc_column][/vc_row][vc_row margin_top=&#8221;0&#8243; margin_bottom=&#8221;10&#8243; padding_top=&#8221;0&#8243; padding_bottom=&#8221;0&#8243;][vc_column][vc_column_text css=&#8221;.vc_custom_1458816548564{margin-top: 0px !important;margin-bottom: 0px !important;padding-top: 0px !important;padding-bottom: 0px !important;}&#8221;]</p>
<h3 style="color: #3b4590;">Managementul societatii</h3>
<p>[/vc_column_text][vc_separator][vc_column_text css_animation=&#8221;top-to-bottom&#8221; css=&#8221;.vc_custom_1460024609297{margin-top: -10px !important;padding-top: 0px !important;}&#8221;]COMINCO OLTENIA abordeaza o strategie manageriala prin delegare, o latura a managementului participativ. Delegarea este o activitate manageriala foarte importanta, este transferul temporar sau definitiv, parţial sau total a autorităţii de a lua decizii de la <strong>managerul general</strong> la <strong>managerii de proiect</strong>. Se deleagă autoritatea de a lua decizii, cat şi răspunderea.</p>
<p>Acest proces de delegare nu este un proces de tipul totul sau nimic, ci are diferite grade</p>
<ol>
<li>de la trasarea unor sarcini specifice cu termene de realizare, lăsând managerului libertatea de alegere a modalităţilor de îndeplinire (cu raportarea periodic a stadiului de realizare),</li>
<li>rezolvarea unei probleme (trecând prin paşii procesului decizional) cu raportări intermediare</li>
<li>până la gestionarea integrala a unei activităţi sau a unui domeniu funcţional pe durata specifica activitatii în manieră proprie.</li>
</ol>
<p><strong>Avanajele acestui tip de abordare:</strong></p>
<ul>
<li>Managerul general câştigă timp pe care poate să-l dedice activităţilor strategice</li>
<li>Prin delegare, identificând corect persoanele către care realizează transferul unor sarcini, poate încuraja participarea mai activă a acestora la viaţa organizaţiei</li>
<li>Îşi cunoaşte mai bine colaboratorii şi îşi îmbunătăţeşte relațiile cu ei</li>
<li>Îi ajută pe ceilalţi să se dezvolte profesional şi să capete încredere în forţele proprii</li>
</ul>
<p>[/vc_column_text][/vc_column][/vc_row][vc_row margin_top=&#8221;30px&#8221; margin_bottom=&#8221;10&#8243; padding_top=&#8221;0&#8243; padding_bottom=&#8221;0&#8243;][vc_column][vc_column_text css=&#8221;.vc_custom_1458816121799{margin-top: 0px !important;margin-bottom: 0px !important;padding-top: 0px !important;padding-bottom: 0px !important;}&#8221;]</p>
<h3 style="color: #3b4590;">Sedii</h3>
<p>[/vc_column_text][vc_separator][/vc_column][/vc_row][vc_row margin_top=&#8221;0&#8243; padding_top=&#8221;0&#8243;][vc_column][vc_row_inner css=&#8221;.vc_custom_1458816451697{margin-top: 0px !important;padding-top: 0px !important;}&#8221;][vc_column_inner width=&#8221;1/2&#8243;][vc_column_text css_animation=&#8221;top-to-bottom&#8221;]</p>
<h3 style="text-align: center; color: #3b4590;">Sediul principal</h3>
<p style="text-align: center;">Str. Calea lui Traian, nr. 172, bl. 31A, Rm. Valcea, jud. Valcea, 240273</p>
<p>[/vc_column_text][/vc_column_inner][vc_column_inner width=&#8221;1/2&#8243;][vc_column_text css_animation=&#8221;top-to-bottom&#8221;]</p>
<h3 style="text-align: center; color: #3b4590;">Baza de producție</h3>
<p style="text-align: center;">Com. Alunu, loc. Coltesti, jud. Valcea</p>
<p>[/vc_column_text][/vc_column_inner][/vc_row_inner][/vc_column][/vc_row]</p>
